{"id":39248,"date":"2017-06-16T23:34:33","date_gmt":"2017-06-17T02:34:33","guid":{"rendered":"https:\/\/redeicm.org.br\/saojose\/?page_id=39248"},"modified":"2021-06-09T11:23:57","modified_gmt":"2021-06-09T14:23:57","slug":"servico-social","status":"publish","type":"page","link":"https:\/\/legado.redeicm.org.br\/saojose\/servico-social\/","title":{"rendered":"Servi\u00e7o Social"},"content":{"rendered":"<p><strong>\u00a0 Respons\u00e1vel:<\/strong> Denise<\/p>\n<p><strong>\u00a0\u00a0\u00a0\u00a0\u00a0 Compete ao Servi\u00e7o Social:<\/strong><\/p>\n<ul>\n<li>Integrar a Equipe T\u00e9cnica;<\/li>\n<li>Atuar em conson\u00e2ncia com o c\u00f3digo de \u00e9tica profissional;<\/li>\n<\/ul>\n<ul>\n<li>Realizar\u00a0o acolhimento atrav\u00e9s\u00a0da escuta sens\u00edvel,\u00a0entrevista e\/ou visita domiciliar, acompanhando a realidade de cada fam\u00edlia e a busca ativa, quando necess\u00e1rio;<\/li>\n<li>Organizar as informa\u00e7\u00f5es pertinentes \u00e0\u00a0\u00e1rea do Servi\u00e7o Social, com banco de dados atualizados dos usu\u00e1rios, bem como garantir a elabora\u00e7\u00e3o de planos, estudos sociais, relat\u00f3rios e prontu\u00e1rios;<\/li>\n<li>Buscar o fortalecimento da fun\u00e7\u00e3oprotetiva\u00a0das fam\u00edlias;<\/li>\n<li>Mobilizar, articular e fortalecer a Rede Socioassistencial;<\/li>\n<li>Acompanhar os\u00a0\u00edndices de protagonismo social e de emancipa\u00e7\u00e3o dos usu\u00e1rios;<\/li>\n<li>Orientar e realizar os encaminhamentos para a rede de atendimento;<\/li>\n<li>Promover permanente di\u00e1logo e articula\u00e7\u00e3o com o\u00a0CRAS e\/ou\u00a0CREAS;<\/li>\n<\/ul>\n<ul>\n<li>Integrar as reuni\u00f5es de discuss\u00e3o de casos com a equipe t\u00e9cnica, desenvolvendo o trabalho multidisciplinar;<\/li>\n<\/ul>\n<ul>\n<li>Comunicar aos \u00f3rg\u00e3os p\u00fablicos competentes, oficial e formalmente, em conjunto com a Diretora da Institui\u00e7\u00e3o, os casos de evas\u00e3o\u00a0ou desligamento\u00a0de usu\u00e1rios, quando n\u00e3o\u00a0ocorrera\u00a0formaliza\u00e7\u00e3o pelos\u00a0respons\u00e1veis legais;<\/li>\n<li>Contribuir com a Diretoria na busca de recursos financeiros, atrav\u00e9s\u00a0de elabora\u00e7\u00e3o de Projetos Sociais;<\/li>\n<\/ul>\n","protected":false},"excerpt":{"rendered":"<p>\u00a0 Respons\u00e1vel: Denise \u00a0\u00a0\u00a0\u00a0\u00a0 Compete ao Servi\u00e7o Social: Integrar a Equipe T\u00e9cnica; Atuar em conson\u00e2ncia com o c\u00f3digo de \u00e9tica profissional; Realizar\u00a0o acolhimento atrav\u00e9s\u00a0da escuta sens\u00edvel,\u00a0entrevista e\/ou visita domiciliar, acompanhando a realidade de cada fam\u00edlia e a busca ativa, quando necess\u00e1rio; Organizar as informa\u00e7\u00f5es pertinentes \u00e0\u00a0\u00e1rea do Servi\u00e7o Social, com banco de dados atualizados dos&#8230;<\/p>\n","protected":false},"author":1,"featured_media":0,"parent":0,"menu_order":0,"comment_status":"closed","ping_status":"closed","template":"","meta":{"_acf_changed":false,"_monsterinsights_skip_tracking":false,"_monsterinsights_sitenote_active":false,"_monsterinsights_sitenote_note":"","_monsterinsights_sitenote_category":0,"footnotes":""},"class_list":["post-39248","page","type-page","status-publish","hentry"],"acf":[],"_links":{"self":[{"href":"https:\/\/legado.redeicm.org.br\/saojose\/wp-json\/wp\/v2\/pages\/39248"}],"collection":[{"href":"https:\/\/legado.redeicm.org.br\/saojose\/wp-json\/wp\/v2\/pages"}],"about":[{"href":"https:\/\/legado.redeicm.org.br\/saojose\/wp-json\/wp\/v2\/types\/page"}],"author":[{"embeddable":true,"href":"https:\/\/legado.redeicm.org.br\/saojose\/wp-json\/wp\/v2\/users\/1"}],"replies":[{"embeddable":true,"href":"https:\/\/legado.redeicm.org.br\/saojose\/wp-json\/wp\/v2\/comments?post=39248"}],"version-history":[{"count":7,"href":"https:\/\/legado.redeicm.org.br\/saojose\/wp-json\/wp\/v2\/pages\/39248\/revisions"}],"predecessor-version":[{"id":42192,"href":"https:\/\/legado.redeicm.org.br\/saojose\/wp-json\/wp\/v2\/pages\/39248\/revisions\/42192"}],"wp:attachment":[{"href":"https:\/\/legado.redeicm.org.br\/saojose\/wp-json\/wp\/v2\/media?parent=39248"}],"curies":[{"name":"wp","href":"https:\/\/api.w.org\/{rel}","templated":true}]}}