{"id":39386,"date":"2017-03-07T22:09:21","date_gmt":"2017-03-08T01:09:21","guid":{"rendered":"https:\/\/redeicm.org.br\/pioxii\/?page_id=39386"},"modified":"2022-12-13T11:24:01","modified_gmt":"2022-12-13T14:24:01","slug":"proposta-pedagogica-e-propositos-gerais-do-ece-pio-xii","status":"publish","type":"page","link":"https:\/\/legado.redeicm.org.br\/pioxii\/proposta-pedagogica-e-propositos-gerais-do-ece-pio-xii\/","title":{"rendered":"Proposta Pedag\u00f3gica e Prop\u00f3sitos Gerais do ECE-PIO XII"},"content":{"rendered":"<p>&nbsp;<\/p>\n<p>&nbsp;<\/p>\n<p><img loading=\"lazy\" decoding=\"async\" class=\" wp-image-51767 aligncenter\" src=\"https:\/\/legado.redeicm.org.br\/pioxii\/wp-content\/uploads\/sites\/15\/2022\/12\/Propaganda-1-300x251.png\" alt=\"\" width=\"678\" height=\"568\" srcset=\"https:\/\/legado.redeicm.org.br\/pioxii\/wp-content\/uploads\/sites\/15\/2022\/12\/Propaganda-1-300x251.png 300w, https:\/\/legado.redeicm.org.br\/pioxii\/wp-content\/uploads\/sites\/15\/2022\/12\/Propaganda-1-600x503.png 600w, https:\/\/legado.redeicm.org.br\/pioxii\/wp-content\/uploads\/sites\/15\/2022\/12\/Propaganda-1-768x644.png 768w, https:\/\/legado.redeicm.org.br\/pioxii\/wp-content\/uploads\/sites\/15\/2022\/12\/Propaganda-1.png 940w\" sizes=\"(max-width: 678px) 100vw, 678px\" \/><\/p>\n<p>&nbsp;<\/p>\n<p style=\"text-align: justify\">Visando a transversalidade no processo de aprendizagem e forma\u00e7\u00e3o da cidadania, o Espa\u00e7o Cultural e Esportivo Pio XII incorpora o esporte ao trabalho pedag\u00f3gico.\u00a0 Oferecemos a pr\u00e1tica esportiva como instrumento educacional, desenvolvimento integral dos alunos, de forma que esse possa lidar com suas necessidades, desejos e expectativas, bem como, as necessidades e anseios dos colegas.<\/p>\n<p style=\"text-align: justify\">Al\u00e9m de ampliar o campo experimental do indiv\u00edduo, criamos obriga\u00e7\u00f5es, estimulamos a personalidade intelectual e f\u00edsica de forma que possam desempenhar suas capacidades t\u00e9cnicas, sociais e comunicativas.<\/p>\n<h2>Prop\u00f3sitos Gerais do ECE \u2013 Pio XII<\/h2>\n<ul>\n<li>Atrav\u00e9s da sua constitui\u00e7\u00e3o, solidificar uma imagem eficaz permanente;<\/li>\n<li>Oferecer sempre os seus servi\u00e7os atualizados e com qualidade;<\/li>\n<li>Desenvolver o condicionamento f\u00edsico e o controle postural no meio l\u00edquido;<\/li>\n<li>Desenvolver atividades sociais e recreativas.<\/li>\n<\/ul>\n<h1>Quadro de Hor\u00e1rios<\/h1>\n<p>Clique e confira!<\/p>\n<p><a href=\"https:\/\/legado.redeicm.org.br\/pioxii\/wp-content\/uploads\/sites\/15\/2022\/12\/QUADRO-DE-HORARIOS-ECE-1.pdf\">QUADRO-DE-HORARIOS-ECE<\/a><\/p>\n<h1>Atividades<\/h1>\n<ul>\n<li>Nata\u00e7\u00e3o para crian\u00e7as e adultos;<\/li>\n<li>Hidrogin\u00e1stica;<\/li>\n<li>Futsal;<\/li>\n<li>Jud\u00f4;<\/li>\n<li>Capoeira;<\/li>\n<li>Ballet<\/li>\n<li>Basquete<\/li>\n<li>Jiu- Jitsu<\/li>\n<li>V\u00f4lei<\/li>\n<\/ul>\n<p>&nbsp;<\/p>\n<div class=\"w-gallery cols_5 link_attachment with_indents\"><div class=\"w-gallery-list\"><a class=\"w-gallery-item order_1\" href=\"https:\/\/legado.redeicm.org.br\/pioxii\/proposta-pedagogica-e-propositos-gerais-do-ece-pio-xii\/img-20221103-wa0008-2\/\" title=\"IMG-20221103-WA0008\"><div class=\"w-gallery-item-img\"><img loading=\"lazy\" decoding=\"async\" width=\"150\" height=\"150\" src=\"https:\/\/legado.redeicm.org.br\/pioxii\/wp-content\/uploads\/sites\/15\/2022\/12\/IMG-20221103-WA0008-150x150.jpg\" class=\"attachment-thumbnail size-thumbnail\" alt=\"\" srcset=\"https:\/\/legado.redeicm.org.br\/pioxii\/wp-content\/uploads\/sites\/15\/2022\/12\/IMG-20221103-WA0008-150x150.jpg 150w, https:\/\/legado.redeicm.org.br\/pioxii\/wp-content\/uploads\/sites\/15\/2022\/12\/IMG-20221103-WA0008-350x350.jpg 350w, https:\/\/legado.redeicm.org.br\/pioxii\/wp-content\/uploads\/sites\/15\/2022\/12\/IMG-20221103-WA0008-600x600.jpg 600w\" sizes=\"(max-width: 150px) 100vw, 150px\" \/><\/div><\/a><a class=\"w-gallery-item order_2\" href=\"https:\/\/legado.redeicm.org.br\/pioxii\/proposta-pedagogica-e-propositos-gerais-do-ece-pio-xii\/img-20221103-wa0014-2\/\" title=\"IMG-20221103-WA0014\"><div class=\"w-gallery-item-img\"><img loading=\"lazy\" decoding=\"async\" width=\"150\" height=\"150\" src=\"https:\/\/legado.redeicm.org.br\/pioxii\/wp-content\/uploads\/sites\/15\/2022\/12\/IMG-20221103-WA0014-150x150.jpg\" class=\"attachment-thumbnail size-thumbnail\" alt=\"\" srcset=\"https:\/\/legado.redeicm.org.br\/pioxii\/wp-content\/uploads\/sites\/15\/2022\/12\/IMG-20221103-WA0014-150x150.jpg 150w, https:\/\/legado.redeicm.org.br\/pioxii\/wp-content\/uploads\/sites\/15\/2022\/12\/IMG-20221103-WA0014-350x350.jpg 350w, https:\/\/legado.redeicm.org.br\/pioxii\/wp-content\/uploads\/sites\/15\/2022\/12\/IMG-20221103-WA0014-600x600.jpg 600w\" sizes=\"(max-width: 150px) 100vw, 150px\" \/><\/div><\/a><a class=\"w-gallery-item order_3\" href=\"https:\/\/legado.redeicm.org.br\/pioxii\/proposta-pedagogica-e-propositos-gerais-do-ece-pio-xii\/img-20221103-wa0017-2\/\" title=\"IMG-20221103-WA0017\"><div class=\"w-gallery-item-img\"><img loading=\"lazy\" decoding=\"async\" width=\"150\" height=\"150\" src=\"https:\/\/legado.redeicm.org.br\/pioxii\/wp-content\/uploads\/sites\/15\/2022\/12\/IMG-20221103-WA0017-150x150.jpg\" class=\"attachment-thumbnail size-thumbnail\" alt=\"\" srcset=\"https:\/\/legado.redeicm.org.br\/pioxii\/wp-content\/uploads\/sites\/15\/2022\/12\/IMG-20221103-WA0017-150x150.jpg 150w, https:\/\/legado.redeicm.org.br\/pioxii\/wp-content\/uploads\/sites\/15\/2022\/12\/IMG-20221103-WA0017-350x350.jpg 350w, https:\/\/legado.redeicm.org.br\/pioxii\/wp-content\/uploads\/sites\/15\/2022\/12\/IMG-20221103-WA0017-600x600.jpg 600w\" sizes=\"(max-width: 150px) 100vw, 150px\" \/><\/div><\/a><a class=\"w-gallery-item order_4\" href=\"https:\/\/legado.redeicm.org.br\/pioxii\/proposta-pedagogica-e-propositos-gerais-do-ece-pio-xii\/img-20221103-wa0022-2\/\" title=\"IMG-20221103-WA0022\"><div class=\"w-gallery-item-img\"><img loading=\"lazy\" decoding=\"async\" width=\"150\" height=\"150\" src=\"https:\/\/legado.redeicm.org.br\/pioxii\/wp-content\/uploads\/sites\/15\/2022\/12\/IMG-20221103-WA0022-150x150.jpg\" class=\"attachment-thumbnail size-thumbnail\" alt=\"\" srcset=\"https:\/\/legado.redeicm.org.br\/pioxii\/wp-content\/uploads\/sites\/15\/2022\/12\/IMG-20221103-WA0022-150x150.jpg 150w, https:\/\/legado.redeicm.org.br\/pioxii\/wp-content\/uploads\/sites\/15\/2022\/12\/IMG-20221103-WA0022-350x350.jpg 350w, https:\/\/legado.redeicm.org.br\/pioxii\/wp-content\/uploads\/sites\/15\/2022\/12\/IMG-20221103-WA0022-600x600.jpg 600w\" sizes=\"(max-width: 150px) 100vw, 150px\" \/><\/div><\/a><a class=\"w-gallery-item order_5\" href=\"https:\/\/legado.redeicm.org.br\/pioxii\/proposta-pedagogica-e-propositos-gerais-do-ece-pio-xii\/glund_20220506_5951\/\" title=\"GLUND_20220506_5951\"><div class=\"w-gallery-item-img\"><img loading=\"lazy\" decoding=\"async\" width=\"150\" height=\"150\" src=\"https:\/\/legado.redeicm.org.br\/pioxii\/wp-content\/uploads\/sites\/15\/2022\/12\/GLUND_20220506_5951-150x150.jpg\" class=\"attachment-thumbnail size-thumbnail\" alt=\"\" srcset=\"https:\/\/legado.redeicm.org.br\/pioxii\/wp-content\/uploads\/sites\/15\/2022\/12\/GLUND_20220506_5951-150x150.jpg 150w, https:\/\/legado.redeicm.org.br\/pioxii\/wp-content\/uploads\/sites\/15\/2022\/12\/GLUND_20220506_5951-300x300.jpg 300w, https:\/\/legado.redeicm.org.br\/pioxii\/wp-content\/uploads\/sites\/15\/2022\/12\/GLUND_20220506_5951-1024x1024.jpg 1024w, https:\/\/legado.redeicm.org.br\/pioxii\/wp-content\/uploads\/sites\/15\/2022\/12\/GLUND_20220506_5951-350x350.jpg 350w, https:\/\/legado.redeicm.org.br\/pioxii\/wp-content\/uploads\/sites\/15\/2022\/12\/GLUND_20220506_5951-600x600.jpg 600w, https:\/\/legado.redeicm.org.br\/pioxii\/wp-content\/uploads\/sites\/15\/2022\/12\/GLUND_20220506_5951-768x768.jpg 768w\" sizes=\"(max-width: 150px) 100vw, 150px\" \/><\/div><\/a><\/div><\/div>\n<p>&nbsp;<\/p>\n<div class=\"w-gallery cols_4 link_attachment with_indents\"><div class=\"w-gallery-list\"><a class=\"w-gallery-item order_1\" href=\"https:\/\/legado.redeicm.org.br\/pioxii\/proposta-pedagogica-e-propositos-gerais-do-ece-pio-xii\/img_0315\/\" title=\"IMG_0315\"><div class=\"w-gallery-item-img\"><img loading=\"lazy\" decoding=\"async\" width=\"150\" height=\"150\" src=\"https:\/\/legado.redeicm.org.br\/pioxii\/wp-content\/uploads\/sites\/15\/2022\/12\/IMG_0315-150x150.jpg\" class=\"attachment-thumbnail size-thumbnail\" alt=\"\" srcset=\"https:\/\/legado.redeicm.org.br\/pioxii\/wp-content\/uploads\/sites\/15\/2022\/12\/IMG_0315-150x150.jpg 150w, https:\/\/legado.redeicm.org.br\/pioxii\/wp-content\/uploads\/sites\/15\/2022\/12\/IMG_0315-350x350.jpg 350w, https:\/\/legado.redeicm.org.br\/pioxii\/wp-content\/uploads\/sites\/15\/2022\/12\/IMG_0315-600x600.jpg 600w\" sizes=\"(max-width: 150px) 100vw, 150px\" \/><\/div><\/a><a class=\"w-gallery-item order_2\" href=\"https:\/\/legado.redeicm.org.br\/pioxii\/proposta-pedagogica-e-propositos-gerais-do-ece-pio-xii\/img_0371\/\" title=\"IMG_0371\"><div class=\"w-gallery-item-img\"><img loading=\"lazy\" decoding=\"async\" width=\"150\" height=\"150\" src=\"https:\/\/legado.redeicm.org.br\/pioxii\/wp-content\/uploads\/sites\/15\/2022\/12\/IMG_0371-150x150.jpg\" class=\"attachment-thumbnail size-thumbnail\" alt=\"\" srcset=\"https:\/\/legado.redeicm.org.br\/pioxii\/wp-content\/uploads\/sites\/15\/2022\/12\/IMG_0371-150x150.jpg 150w, https:\/\/legado.redeicm.org.br\/pioxii\/wp-content\/uploads\/sites\/15\/2022\/12\/IMG_0371-350x350.jpg 350w, https:\/\/legado.redeicm.org.br\/pioxii\/wp-content\/uploads\/sites\/15\/2022\/12\/IMG_0371-600x600.jpg 600w\" sizes=\"(max-width: 150px) 100vw, 150px\" \/><\/div><\/a><a class=\"w-gallery-item order_3\" href=\"https:\/\/legado.redeicm.org.br\/pioxii\/proposta-pedagogica-e-propositos-gerais-do-ece-pio-xii\/img_0428\/\" title=\"IMG_0428\"><div class=\"w-gallery-item-img\"><img loading=\"lazy\" decoding=\"async\" width=\"150\" height=\"150\" src=\"https:\/\/legado.redeicm.org.br\/pioxii\/wp-content\/uploads\/sites\/15\/2022\/12\/IMG_0428-150x150.jpg\" class=\"attachment-thumbnail size-thumbnail\" alt=\"\" srcset=\"https:\/\/legado.redeicm.org.br\/pioxii\/wp-content\/uploads\/sites\/15\/2022\/12\/IMG_0428-150x150.jpg 150w, https:\/\/legado.redeicm.org.br\/pioxii\/wp-content\/uploads\/sites\/15\/2022\/12\/IMG_0428-350x350.jpg 350w, https:\/\/legado.redeicm.org.br\/pioxii\/wp-content\/uploads\/sites\/15\/2022\/12\/IMG_0428-600x600.jpg 600w\" sizes=\"(max-width: 150px) 100vw, 150px\" \/><\/div><\/a><a class=\"w-gallery-item order_4\" href=\"https:\/\/legado.redeicm.org.br\/pioxii\/proposta-pedagogica-e-propositos-gerais-do-ece-pio-xii\/img_0480\/\" title=\"IMG_0480\"><div class=\"w-gallery-item-img\"><img loading=\"lazy\" decoding=\"async\" width=\"150\" height=\"150\" src=\"https:\/\/legado.redeicm.org.br\/pioxii\/wp-content\/uploads\/sites\/15\/2022\/12\/IMG_0480-150x150.jpg\" class=\"attachment-thumbnail size-thumbnail\" alt=\"\" srcset=\"https:\/\/legado.redeicm.org.br\/pioxii\/wp-content\/uploads\/sites\/15\/2022\/12\/IMG_0480-150x150.jpg 150w, https:\/\/legado.redeicm.org.br\/pioxii\/wp-content\/uploads\/sites\/15\/2022\/12\/IMG_0480-350x350.jpg 350w, https:\/\/legado.redeicm.org.br\/pioxii\/wp-content\/uploads\/sites\/15\/2022\/12\/IMG_0480-600x600.jpg 600w\" sizes=\"(max-width: 150px) 100vw, 150px\" \/><\/div><\/a><\/div><\/div>\n<p>&nbsp;<\/p>\n<div class=\"w-gallery cols_8 link_attachment with_indents\"><div class=\"w-gallery-list\"><a class=\"w-gallery-item order_1\" href=\"https:\/\/legado.redeicm.org.br\/pioxii\/proposta-pedagogica-e-propositos-gerais-do-ece-pio-xii\/image00001-73\/\" title=\"Image00001\"><div class=\"w-gallery-item-img\"><img loading=\"lazy\" decoding=\"async\" width=\"150\" height=\"150\" src=\"https:\/\/legado.redeicm.org.br\/pioxii\/wp-content\/uploads\/sites\/15\/2022\/12\/Image00001-15-150x150.jpg\" class=\"attachment-thumbnail size-thumbnail\" alt=\"\" srcset=\"https:\/\/legado.redeicm.org.br\/pioxii\/wp-content\/uploads\/sites\/15\/2022\/12\/Image00001-15-150x150.jpg 150w, https:\/\/legado.redeicm.org.br\/pioxii\/wp-content\/uploads\/sites\/15\/2022\/12\/Image00001-15-350x350.jpg 350w, https:\/\/legado.redeicm.org.br\/pioxii\/wp-content\/uploads\/sites\/15\/2022\/12\/Image00001-15-600x600.jpg 600w\" sizes=\"(max-width: 150px) 100vw, 150px\" \/><\/div><\/a><a class=\"w-gallery-item order_2\" href=\"https:\/\/legado.redeicm.org.br\/pioxii\/proposta-pedagogica-e-propositos-gerais-do-ece-pio-xii\/image00002-70\/\" title=\"Image00002\"><div class=\"w-gallery-item-img\"><img loading=\"lazy\" decoding=\"async\" width=\"150\" height=\"150\" src=\"https:\/\/legado.redeicm.org.br\/pioxii\/wp-content\/uploads\/sites\/15\/2022\/12\/Image00002-15-150x150.jpg\" class=\"attachment-thumbnail size-thumbnail\" alt=\"\" srcset=\"https:\/\/legado.redeicm.org.br\/pioxii\/wp-content\/uploads\/sites\/15\/2022\/12\/Image00002-15-150x150.jpg 150w, https:\/\/legado.redeicm.org.br\/pioxii\/wp-content\/uploads\/sites\/15\/2022\/12\/Image00002-15-350x350.jpg 350w, https:\/\/legado.redeicm.org.br\/pioxii\/wp-content\/uploads\/sites\/15\/2022\/12\/Image00002-15-600x600.jpg 600w\" sizes=\"(max-width: 150px) 100vw, 150px\" \/><\/div><\/a><a class=\"w-gallery-item order_3\" href=\"https:\/\/legado.redeicm.org.br\/pioxii\/proposta-pedagogica-e-propositos-gerais-do-ece-pio-xii\/image00003-71\/\" title=\"Image00003\"><div class=\"w-gallery-item-img\"><img loading=\"lazy\" decoding=\"async\" width=\"150\" height=\"150\" src=\"https:\/\/legado.redeicm.org.br\/pioxii\/wp-content\/uploads\/sites\/15\/2022\/12\/Image00003-15-150x150.jpg\" class=\"attachment-thumbnail size-thumbnail\" alt=\"\" srcset=\"https:\/\/legado.redeicm.org.br\/pioxii\/wp-content\/uploads\/sites\/15\/2022\/12\/Image00003-15-150x150.jpg 150w, https:\/\/legado.redeicm.org.br\/pioxii\/wp-content\/uploads\/sites\/15\/2022\/12\/Image00003-15-350x350.jpg 350w\" sizes=\"(max-width: 150px) 100vw, 150px\" \/><\/div><\/a><a class=\"w-gallery-item order_4\" href=\"https:\/\/legado.redeicm.org.br\/pioxii\/proposta-pedagogica-e-propositos-gerais-do-ece-pio-xii\/image00004-73\/\" title=\"Image00004\"><div class=\"w-gallery-item-img\"><img loading=\"lazy\" decoding=\"async\" width=\"150\" height=\"150\" src=\"https:\/\/legado.redeicm.org.br\/pioxii\/wp-content\/uploads\/sites\/15\/2022\/12\/Image00004-15-150x150.jpg\" class=\"attachment-thumbnail size-thumbnail\" alt=\"\" srcset=\"https:\/\/legado.redeicm.org.br\/pioxii\/wp-content\/uploads\/sites\/15\/2022\/12\/Image00004-15-150x150.jpg 150w, https:\/\/legado.redeicm.org.br\/pioxii\/wp-content\/uploads\/sites\/15\/2022\/12\/Image00004-15-350x350.jpg 350w, https:\/\/legado.redeicm.org.br\/pioxii\/wp-content\/uploads\/sites\/15\/2022\/12\/Image00004-15-600x600.jpg 600w\" sizes=\"(max-width: 150px) 100vw, 150px\" \/><\/div><\/a><a class=\"w-gallery-item order_5\" href=\"https:\/\/legado.redeicm.org.br\/pioxii\/proposta-pedagogica-e-propositos-gerais-do-ece-pio-xii\/image00005-67\/\" title=\"Image00005\"><div class=\"w-gallery-item-img\"><img loading=\"lazy\" decoding=\"async\" width=\"150\" height=\"150\" src=\"https:\/\/legado.redeicm.org.br\/pioxii\/wp-content\/uploads\/sites\/15\/2022\/12\/Image00005-13-150x150.jpg\" class=\"attachment-thumbnail size-thumbnail\" alt=\"\" srcset=\"https:\/\/legado.redeicm.org.br\/pioxii\/wp-content\/uploads\/sites\/15\/2022\/12\/Image00005-13-150x150.jpg 150w, https:\/\/legado.redeicm.org.br\/pioxii\/wp-content\/uploads\/sites\/15\/2022\/12\/Image00005-13-350x350.jpg 350w\" sizes=\"(max-width: 150px) 100vw, 150px\" \/><\/div><\/a><a class=\"w-gallery-item order_6\" href=\"https:\/\/legado.redeicm.org.br\/pioxii\/proposta-pedagogica-e-propositos-gerais-do-ece-pio-xii\/image00006-65\/\" title=\"Image00006\"><div class=\"w-gallery-item-img\"><img loading=\"lazy\" decoding=\"async\" width=\"150\" height=\"150\" src=\"https:\/\/legado.redeicm.org.br\/pioxii\/wp-content\/uploads\/sites\/15\/2022\/12\/Image00006-14-150x150.jpg\" class=\"attachment-thumbnail size-thumbnail\" alt=\"\" srcset=\"https:\/\/legado.redeicm.org.br\/pioxii\/wp-content\/uploads\/sites\/15\/2022\/12\/Image00006-14-150x150.jpg 150w, https:\/\/legado.redeicm.org.br\/pioxii\/wp-content\/uploads\/sites\/15\/2022\/12\/Image00006-14-350x350.jpg 350w\" sizes=\"(max-width: 150px) 100vw, 150px\" \/><\/div><\/a><a class=\"w-gallery-item order_7\" href=\"https:\/\/legado.redeicm.org.br\/pioxii\/proposta-pedagogica-e-propositos-gerais-do-ece-pio-xii\/image00007-62\/\" title=\"Image00007\"><div class=\"w-gallery-item-img\"><img loading=\"lazy\" decoding=\"async\" width=\"150\" height=\"150\" src=\"https:\/\/legado.redeicm.org.br\/pioxii\/wp-content\/uploads\/sites\/15\/2022\/12\/Image00007-12-150x150.jpg\" class=\"attachment-thumbnail size-thumbnail\" alt=\"\" srcset=\"https:\/\/legado.redeicm.org.br\/pioxii\/wp-content\/uploads\/sites\/15\/2022\/12\/Image00007-12-150x150.jpg 150w, https:\/\/legado.redeicm.org.br\/pioxii\/wp-content\/uploads\/sites\/15\/2022\/12\/Image00007-12-350x350.jpg 350w\" sizes=\"(max-width: 150px) 100vw, 150px\" \/><\/div><\/a><a class=\"w-gallery-item order_8\" href=\"https:\/\/legado.redeicm.org.br\/pioxii\/proposta-pedagogica-e-propositos-gerais-do-ece-pio-xii\/image00008-55\/\" title=\"Image00008\"><div class=\"w-gallery-item-img\"><img loading=\"lazy\" decoding=\"async\" width=\"150\" height=\"150\" src=\"https:\/\/legado.redeicm.org.br\/pioxii\/wp-content\/uploads\/sites\/15\/2022\/12\/Image00008-11-150x150.jpg\" class=\"attachment-thumbnail size-thumbnail\" alt=\"\" srcset=\"https:\/\/legado.redeicm.org.br\/pioxii\/wp-content\/uploads\/sites\/15\/2022\/12\/Image00008-11-150x150.jpg 150w, https:\/\/legado.redeicm.org.br\/pioxii\/wp-content\/uploads\/sites\/15\/2022\/12\/Image00008-11-350x350.jpg 350w\" sizes=\"(max-width: 150px) 100vw, 150px\" \/><\/div><\/a><\/div><\/div>\n<div class=\"angwp_41112 _ning_cont _ning_hidden _ning_outer _align_center responsive\" data-size=\"300x250\" data-bid=\"41112\" data-aid=\"0\" style=\"max-width:300px; width:100%;height:inherit;\"><div class=\"_ning_label _left\" style=\"\"><\/div><div class=\"_ning_inner\" style=\"\"><\/div><\/div><div class=\"clear\"><\/div>","protected":false},"excerpt":{"rendered":"<p>&nbsp; &nbsp; &nbsp; Visando a transversalidade no processo de aprendizagem e forma\u00e7\u00e3o da cidadania, o Espa\u00e7o Cultural e Esportivo Pio XII incorpora o esporte ao trabalho pedag\u00f3gico.\u00a0 Oferecemos a pr\u00e1tica esportiva como instrumento educacional, desenvolvimento integral dos alunos, de forma que esse possa lidar com suas necessidades, desejos e expectativas, bem como, as necessidades e&#8230;<\/p>\n","protected":false},"author":1,"featured_media":0,"parent":0,"menu_order":0,"comment_status":"closed","ping_status":"closed","template":"","meta":{"_acf_changed":false,"_monsterinsights_skip_tracking":false,"_monsterinsights_sitenote_active":false,"_monsterinsights_sitenote_note":"","_monsterinsights_sitenote_category":0,"footnotes":""},"class_list":["post-39386","page","type-page","status-publish","hentry"],"acf":[],"_links":{"self":[{"href":"https:\/\/legado.redeicm.org.br\/pioxii\/wp-json\/wp\/v2\/pages\/39386"}],"collection":[{"href":"https:\/\/legado.redeicm.org.br\/pioxii\/wp-json\/wp\/v2\/pages"}],"about":[{"href":"https:\/\/legado.redeicm.org.br\/pioxii\/wp-json\/wp\/v2\/types\/page"}],"author":[{"embeddable":true,"href":"https:\/\/legado.redeicm.org.br\/pioxii\/wp-json\/wp\/v2\/users\/1"}],"replies":[{"embeddable":true,"href":"https:\/\/legado.redeicm.org.br\/pioxii\/wp-json\/wp\/v2\/comments?post=39386"}],"version-history":[{"count":8,"href":"https:\/\/legado.redeicm.org.br\/pioxii\/wp-json\/wp\/v2\/pages\/39386\/revisions"}],"predecessor-version":[{"id":52482,"href":"https:\/\/legado.redeicm.org.br\/pioxii\/wp-json\/wp\/v2\/pages\/39386\/revisions\/52482"}],"wp:attachment":[{"href":"https:\/\/legado.redeicm.org.br\/pioxii\/wp-json\/wp\/v2\/media?parent=39386"}],"curies":[{"name":"wp","href":"https:\/\/api.w.org\/{rel}","templated":true}]}}