{"id":39084,"date":"2017-01-12T18:51:24","date_gmt":"2017-01-12T20:51:24","guid":{"rendered":"https:\/\/redeicm.org.br\/maededeus\/?page_id=39084"},"modified":"2017-03-03T10:39:57","modified_gmt":"2017-03-03T13:39:57","slug":"ensino-medio","status":"publish","type":"page","link":"https:\/\/legado.redeicm.org.br\/pioxii\/ensino-medio\/","title":{"rendered":"Ensino M\u00e9dio"},"content":{"rendered":"<p style=\"text-align: justify;\">A Escola Pio XII, como institui\u00e7\u00e3o cat\u00f3lica, assume o desafio de se antecipar \u00e0s tend\u00eancias que priorizam a educa\u00e7\u00e3o como um compromisso a servi\u00e7o do bem comum, propondo, em seu curr\u00edculo, um relacionamento cr\u00edtico entre saberes reconhecidos universalmente e o uso que deles se faz para a constru\u00e7\u00e3o de uma sociedade justa e solid\u00e1ria.<\/p>\n<p style=\"text-align: justify;\">No Ensino M\u00e9dio, o ponto de partida est\u00e1 na experi\u00eancia de vida do aluno e nos contextos em que ele dever\u00e1 atuar a partir do seu pr\u00f3prio ambiente natural e cultural, numa perspectiva de amplia\u00e7\u00e3o e desenvolvimento.<\/p>\n<p style=\"text-align: justify;\">Priorizamos a organiza\u00e7\u00e3o curricular atrav\u00e9s de temas trabalhados sob v\u00e1rios pontos de vista, explorando todas as rela\u00e7\u00f5es poss\u00edveis, ultrapassando os limites das disciplinas espec\u00edficas e trabalhando os conte\u00fados de forma integrada e significativa, de forma interdisciplinar e contextualizada, onde os conhecimentos se cruzam e se completam. Adotamos uma metodologia voltada para o desenvolvimento da capacidade de pesquisar, buscar informa\u00e7\u00f5es, analis\u00e1-las, selecion\u00e1-las; metodologia direcionada para o conhecimento significativo, integrado e articulado com o contexto social e cultural como base para fazer frente aos desafios postos por um mundo em constantes mudan\u00e7as.<\/p>\n<p style=\"text-align: justify;\">Atrav\u00e9s da aquisi\u00e7\u00e3o de conhecimentos b\u00e1sicos, prepara\u00e7\u00e3o cient\u00edfica e capacidade para usar diferentes tecnologias relativas \u00e0s \u00e1reas de atua\u00e7\u00e3o, queremos ajudar a formar gente capaz de dizer e escrever o que pensa, argumentar e resolver problemas, mobilizando e aperfei\u00e7oando a capacidade de lidar com diferentes informa\u00e7\u00f5es e preparando-os para um processo de informa\u00e7\u00e3o continuada, abertos a novos aprendizados.<\/p>\n<div class=\"angwp_41112 _ning_cont _ning_hidden _ning_outer _align_center responsive\" data-size=\"300x250\" data-bid=\"41112\" data-aid=\"0\" style=\"max-width:300px; width:100%;height:inherit;\"><div class=\"_ning_label _left\" style=\"\"><\/div><div class=\"_ning_inner\" style=\"\"><\/div><\/div><div class=\"clear\"><\/div>","protected":false},"excerpt":{"rendered":"<p>A Escola Pio XII, como institui\u00e7\u00e3o cat\u00f3lica, assume o desafio de se antecipar \u00e0s tend\u00eancias que priorizam a educa\u00e7\u00e3o como um compromisso a servi\u00e7o do bem comum, propondo, em seu curr\u00edculo, um relacionamento cr\u00edtico entre saberes reconhecidos universalmente e o uso que deles se faz para a constru\u00e7\u00e3o de uma sociedade justa e solid\u00e1ria. No&#8230;<\/p>\n","protected":false},"author":15,"featured_media":0,"parent":0,"menu_order":0,"comment_status":"closed","ping_status":"closed","template":"","meta":{"_acf_changed":false,"_monsterinsights_skip_tracking":false,"_monsterinsights_sitenote_active":false,"_monsterinsights_sitenote_note":"","_monsterinsights_sitenote_category":0,"footnotes":""},"class_list":["post-39084","page","type-page","status-publish","hentry"],"acf":[],"_links":{"self":[{"href":"https:\/\/legado.redeicm.org.br\/pioxii\/wp-json\/wp\/v2\/pages\/39084"}],"collection":[{"href":"https:\/\/legado.redeicm.org.br\/pioxii\/wp-json\/wp\/v2\/pages"}],"about":[{"href":"https:\/\/legado.redeicm.org.br\/pioxii\/wp-json\/wp\/v2\/types\/page"}],"author":[{"embeddable":true,"href":"https:\/\/legado.redeicm.org.br\/pioxii\/wp-json\/wp\/v2\/users\/15"}],"replies":[{"embeddable":true,"href":"https:\/\/legado.redeicm.org.br\/pioxii\/wp-json\/wp\/v2\/comments?post=39084"}],"version-history":[{"count":1,"href":"https:\/\/legado.redeicm.org.br\/pioxii\/wp-json\/wp\/v2\/pages\/39084\/revisions"}],"predecessor-version":[{"id":39243,"href":"https:\/\/legado.redeicm.org.br\/pioxii\/wp-json\/wp\/v2\/pages\/39084\/revisions\/39243"}],"wp:attachment":[{"href":"https:\/\/legado.redeicm.org.br\/pioxii\/wp-json\/wp\/v2\/media?parent=39084"}],"curies":[{"name":"wp","href":"https:\/\/api.w.org\/{rel}","templated":true}]}}