{"id":39230,"date":"2017-02-14T21:33:58","date_gmt":"2017-02-14T23:33:58","guid":{"rendered":"https:\/\/redeicm.org.br\/maededeus\/?page_id=39230"},"modified":"2017-08-30T10:03:27","modified_gmt":"2017-08-30T13:03:27","slug":"proposta-educacional","status":"publish","type":"page","link":"https:\/\/legado.redeicm.org.br\/maededeus\/proposta-educacional\/","title":{"rendered":"Metodologia"},"content":{"rendered":"<p style=\"text-align: justify\">Em nosso processo educativo, a metodologia, articula as diferentes linguagens e as \u00e1reas do conhecimento superando a fragmenta\u00e7\u00e3o dos saberes num curr\u00edculo que busca desenvolver ao m\u00e1ximo o potencial de nossos estudantes. \u00a0Tal organiza\u00e7\u00e3o metodol\u00f3gica \u00e9 vivenciada numa rela\u00e7\u00e3o dial\u00e9tica entre professore e Estudante, com \u00eanfase no atendimento adequado \u00e0 supera\u00e7\u00e3o das dificuldades individuais e coletivas. Para isso, desenvolvemos uma abordagem com equil\u00edbrio entre teorias e conhecimento aplicado, em que os conceitos e \u00a0os conte\u00fados estejam conectados com quest\u00f5es do cotidiano a fim de que o estudante se sinta engajado e motivado a, cada vez mais, compreender o mundo e nele interagir com autonomia, criticidade, \u00e9tica e responsabilidade.<\/p>\n<p style=\"text-align: justify\">A metodologia proposta baseia-se na articula\u00e7\u00e3o do projeto curricular ao processo din\u00e2mico das rela\u00e7\u00f5es sociais e da pr\u00e1tica did\u00e1tico-pedag\u00f3gica, por meio de projetos cient\u00edficos e de aprendizagem que oportunizem ao estudante \u00a0a resolu\u00e7\u00e3o de problemas e que estimulem \u00e0 aprendizagem conceitual-significativa de forma a estabelecer uma rela\u00e7\u00e3o de prazer com o conhecimento, oportunizando o saber, o saber fazer, o saber ser e o conviver \u2013 pilares fundamentais para o desenvolvimento dos conhecimentos, valores, habilidades e compet\u00eancias constru\u00eddos no decorrer dos estudos.<\/p>\n<p style=\"text-align: justify\">A Proposta metodol\u00f3gica do Col\u00e9gio est\u00e1 registrada no Projeto Pol\u00edtico-Pedag\u00f3gico &#8211; Plano Global.<\/p>\n<div class=\"angwp_55514 _ning_cont _ning_hidden _ning_outer _align_center responsive\" data-size=\"300x250\" data-bid=\"55514\" data-aid=\"0\" style=\"max-width:300px; width:100%;height:inherit;\"><div class=\"_ning_label _left\" style=\"\"><\/div><div class=\"_ning_inner\" style=\"\"><\/div><\/div><div class=\"clear\"><\/div>","protected":false},"excerpt":{"rendered":"<p>Em nosso processo educativo, a metodologia, articula as diferentes linguagens e as \u00e1reas do conhecimento superando a fragmenta\u00e7\u00e3o dos saberes num curr\u00edculo que busca desenvolver ao m\u00e1ximo o potencial de nossos estudantes. \u00a0Tal organiza\u00e7\u00e3o metodol\u00f3gica \u00e9 vivenciada numa rela\u00e7\u00e3o dial\u00e9tica entre professore e Estudante, com \u00eanfase no atendimento adequado \u00e0 supera\u00e7\u00e3o das dificuldades individuais e&#8230;<\/p>\n","protected":false},"author":1,"featured_media":0,"parent":0,"menu_order":0,"comment_status":"closed","ping_status":"closed","template":"","meta":{"_acf_changed":false,"_monsterinsights_skip_tracking":false,"_monsterinsights_sitenote_active":false,"_monsterinsights_sitenote_note":"","_monsterinsights_sitenote_category":0,"footnotes":""},"class_list":["post-39230","page","type-page","status-publish","hentry"],"acf":[],"yoast_head":"<!-- This site is optimized with the Yoast SEO plugin v24.9 - https:\/\/yoast.com\/wordpress\/plugins\/seo\/ -->\n<title>Metodologia - Col\u00e9gio M\u00e3e de Deus | Rede ICM de educa\u00e7\u00e3o<\/title>\n<meta name=\"robots\" content=\"index, follow, max-snippet:-1, max-image-preview:large, max-video-preview:-1\" \/>\n<link rel=\"canonical\" href=\"https:\/\/legado.redeicm.org.br\/maededeus\/proposta-educacional\/\" \/>\n<meta property=\"og:locale\" content=\"pt_BR\" \/>\n<meta property=\"og:type\" content=\"article\" \/>\n<meta property=\"og:title\" content=\"Metodologia - Col\u00e9gio M\u00e3e de Deus | Rede ICM de educa\u00e7\u00e3o\" \/>\n<meta property=\"og:description\" content=\"Em nosso processo educativo, a metodologia, articula as diferentes linguagens e as \u00e1reas do conhecimento superando a fragmenta\u00e7\u00e3o dos saberes num curr\u00edculo que busca desenvolver ao m\u00e1ximo o potencial de nossos estudantes. \u00a0Tal organiza\u00e7\u00e3o metodol\u00f3gica \u00e9 vivenciada numa rela\u00e7\u00e3o dial\u00e9tica entre professore e Estudante, com \u00eanfase no atendimento adequado \u00e0 supera\u00e7\u00e3o das dificuldades individuais e...\" \/>\n<meta property=\"og:url\" content=\"https:\/\/legado.redeicm.org.br\/maededeus\/proposta-educacional\/\" \/>\n<meta property=\"og:site_name\" content=\"Col\u00e9gio M\u00e3e de Deus | Rede ICM de educa\u00e7\u00e3o\" \/>\n<meta property=\"article:modified_time\" content=\"2017-08-30T13:03:27+00:00\" \/>\n<meta name=\"twitter:card\" content=\"summary_large_image\" \/>\n<meta name=\"twitter:label1\" content=\"Est. tempo de leitura\" \/>\n\t<meta name=\"twitter:data1\" content=\"1 minuto\" \/>\n<script type=\"application\/ld+json\" class=\"yoast-schema-graph\">{\"@context\":\"https:\/\/schema.org\",\"@graph\":[{\"@type\":\"WebPage\",\"@id\":\"https:\/\/legado.redeicm.org.br\/maededeus\/proposta-educacional\/\",\"url\":\"https:\/\/legado.redeicm.org.br\/maededeus\/proposta-educacional\/\",\"name\":\"Metodologia - Col\u00e9gio M\u00e3e de Deus | Rede ICM de educa\u00e7\u00e3o\",\"isPartOf\":{\"@id\":\"https:\/\/legado.redeicm.org.br\/maededeus\/#website\"},\"datePublished\":\"2017-02-14T23:33:58+00:00\",\"dateModified\":\"2017-08-30T13:03:27+00:00\",\"breadcrumb\":{\"@id\":\"https:\/\/legado.redeicm.org.br\/maededeus\/proposta-educacional\/#breadcrumb\"},\"inLanguage\":\"pt-BR\",\"potentialAction\":[{\"@type\":\"ReadAction\",\"target\":[\"https:\/\/legado.redeicm.org.br\/maededeus\/proposta-educacional\/\"]}]},{\"@type\":\"BreadcrumbList\",\"@id\":\"https:\/\/legado.redeicm.org.br\/maededeus\/proposta-educacional\/#breadcrumb\",\"itemListElement\":[{\"@type\":\"ListItem\",\"position\":1,\"name\":\"In\u00edcio\",\"item\":\"https:\/\/legado.redeicm.org.br\/maededeus\/\"},{\"@type\":\"ListItem\",\"position\":2,\"name\":\"Metodologia\"}]},{\"@type\":\"WebSite\",\"@id\":\"https:\/\/legado.redeicm.org.br\/maededeus\/#website\",\"url\":\"https:\/\/legado.redeicm.org.br\/maededeus\/\",\"name\":\"Col\u00e9gio M\u00e3e de Deus | Rede ICM de educa\u00e7\u00e3o\",\"description\":\"\",\"potentialAction\":[{\"@type\":\"SearchAction\",\"target\":{\"@type\":\"EntryPoint\",\"urlTemplate\":\"https:\/\/legado.redeicm.org.br\/maededeus\/?s={search_term_string}\"},\"query-input\":{\"@type\":\"PropertyValueSpecification\",\"valueRequired\":true,\"valueName\":\"search_term_string\"}}],\"inLanguage\":\"pt-BR\"}]}<\/script>\n<!-- \/ Yoast SEO plugin. -->","yoast_head_json":{"title":"Metodologia - Col\u00e9gio M\u00e3e de Deus | Rede ICM de educa\u00e7\u00e3o","robots":{"index":"index","follow":"follow","max-snippet":"max-snippet:-1","max-image-preview":"max-image-preview:large","max-video-preview":"max-video-preview:-1"},"canonical":"https:\/\/legado.redeicm.org.br\/maededeus\/proposta-educacional\/","og_locale":"pt_BR","og_type":"article","og_title":"Metodologia - Col\u00e9gio M\u00e3e de Deus | Rede ICM de educa\u00e7\u00e3o","og_description":"Em nosso processo educativo, a metodologia, articula as diferentes linguagens e as \u00e1reas do conhecimento superando a fragmenta\u00e7\u00e3o dos saberes num curr\u00edculo que busca desenvolver ao m\u00e1ximo o potencial de nossos estudantes. \u00a0Tal organiza\u00e7\u00e3o metodol\u00f3gica \u00e9 vivenciada numa rela\u00e7\u00e3o dial\u00e9tica entre professore e Estudante, com \u00eanfase no atendimento adequado \u00e0 supera\u00e7\u00e3o das dificuldades individuais e...","og_url":"https:\/\/legado.redeicm.org.br\/maededeus\/proposta-educacional\/","og_site_name":"Col\u00e9gio M\u00e3e de Deus | Rede ICM de educa\u00e7\u00e3o","article_modified_time":"2017-08-30T13:03:27+00:00","twitter_card":"summary_large_image","twitter_misc":{"Est. tempo de leitura":"1 minuto"},"schema":{"@context":"https:\/\/schema.org","@graph":[{"@type":"WebPage","@id":"https:\/\/legado.redeicm.org.br\/maededeus\/proposta-educacional\/","url":"https:\/\/legado.redeicm.org.br\/maededeus\/proposta-educacional\/","name":"Metodologia - Col\u00e9gio M\u00e3e de Deus | Rede ICM de educa\u00e7\u00e3o","isPartOf":{"@id":"https:\/\/legado.redeicm.org.br\/maededeus\/#website"},"datePublished":"2017-02-14T23:33:58+00:00","dateModified":"2017-08-30T13:03:27+00:00","breadcrumb":{"@id":"https:\/\/legado.redeicm.org.br\/maededeus\/proposta-educacional\/#breadcrumb"},"inLanguage":"pt-BR","potentialAction":[{"@type":"ReadAction","target":["https:\/\/legado.redeicm.org.br\/maededeus\/proposta-educacional\/"]}]},{"@type":"BreadcrumbList","@id":"https:\/\/legado.redeicm.org.br\/maededeus\/proposta-educacional\/#breadcrumb","itemListElement":[{"@type":"ListItem","position":1,"name":"In\u00edcio","item":"https:\/\/legado.redeicm.org.br\/maededeus\/"},{"@type":"ListItem","position":2,"name":"Metodologia"}]},{"@type":"WebSite","@id":"https:\/\/legado.redeicm.org.br\/maededeus\/#website","url":"https:\/\/legado.redeicm.org.br\/maededeus\/","name":"Col\u00e9gio M\u00e3e de Deus | Rede ICM de educa\u00e7\u00e3o","description":"","potentialAction":[{"@type":"SearchAction","target":{"@type":"EntryPoint","urlTemplate":"https:\/\/legado.redeicm.org.br\/maededeus\/?s={search_term_string}"},"query-input":{"@type":"PropertyValueSpecification","valueRequired":true,"valueName":"search_term_string"}}],"inLanguage":"pt-BR"}]}},"_links":{"self":[{"href":"https:\/\/legado.redeicm.org.br\/maededeus\/wp-json\/wp\/v2\/pages\/39230"}],"collection":[{"href":"https:\/\/legado.redeicm.org.br\/maededeus\/wp-json\/wp\/v2\/pages"}],"about":[{"href":"https:\/\/legado.redeicm.org.br\/maededeus\/wp-json\/wp\/v2\/types\/page"}],"author":[{"embeddable":true,"href":"https:\/\/legado.redeicm.org.br\/maededeus\/wp-json\/wp\/v2\/users\/1"}],"replies":[{"embeddable":true,"href":"https:\/\/legado.redeicm.org.br\/maededeus\/wp-json\/wp\/v2\/comments?post=39230"}],"version-history":[{"count":5,"href":"https:\/\/legado.redeicm.org.br\/maededeus\/wp-json\/wp\/v2\/pages\/39230\/revisions"}],"predecessor-version":[{"id":43417,"href":"https:\/\/legado.redeicm.org.br\/maededeus\/wp-json\/wp\/v2\/pages\/39230\/revisions\/43417"}],"wp:attachment":[{"href":"https:\/\/legado.redeicm.org.br\/maededeus\/wp-json\/wp\/v2\/media?parent=39230"}],"curies":[{"name":"wp","href":"https:\/\/api.w.org\/{rel}","templated":true}]}}