{"id":39122,"date":"2017-01-12T20:25:18","date_gmt":"2017-01-12T22:25:18","guid":{"rendered":"https:\/\/redeicm.org.br\/maededeus\/?page_id=39122"},"modified":"2023-06-21T12:00:09","modified_gmt":"2023-06-21T15:00:09","slug":"ti","status":"publish","type":"page","link":"https:\/\/legado.redeicm.org.br\/maededeus\/ti\/","title":{"rendered":"Servi\u00e7os de TI"},"content":{"rendered":"<p>O Setor de Tecnologia da Informa\u00e7\u00e3o (TI) \u00e9 respons\u00e1vel pela disponibiliza\u00e7\u00e3o, administra\u00e7\u00e3o e manuten\u00e7\u00e3o dos recursos tecnol\u00f3gicos do Col\u00e9gio M\u00e3e de Deus.<\/p>\n<p><strong>Contamos:<\/strong><\/p>\n<ul>\n<li class=\"Fonte_texto_corpo\">01 Laborat\u00f3rio com um total de 26 computadores com acesso \u00e0 Internet<\/li>\n<li class=\"Fonte_texto_corpo\">02 Servidores de Rede para controle e gerenciamento de usu\u00e1rios e acessos<\/li>\n<li>02 Links de Internet fibra \u00f3ptica redundante<\/li>\n<li>Rede Wifi em todas as depend\u00eancias do Col\u00e9gio<\/li>\n<li>20 Cromebooks<\/li>\n<li class=\"Fonte_texto_corpo\">25 Ipads<\/li>\n<\/ul>\n<p><strong>Professores(as) do Laborat\u00f3rio de Inform\u00e1tica<\/strong><br \/>\nCaroline Dayrell<br \/>\nLisiane Pivetta de Oliveira<br \/>\nMary L\u00facia Pedroso Konrath<\/p>\n<p><strong>Contato com a equipe pelo email<\/strong> &#8211; webmaster@colegiomaededeus.com.br<\/p>\n<div class=\"angwp_55514 _ning_cont _ning_hidden _ning_outer _align_center responsive\" data-size=\"300x250\" data-bid=\"55514\" data-aid=\"0\" style=\"max-width:300px; width:100%;height:inherit;\"><div class=\"_ning_label _left\" style=\"\"><\/div><div class=\"_ning_inner\" style=\"\"><\/div><\/div><div class=\"clear\"><\/div>","protected":false},"excerpt":{"rendered":"<p>O Setor de Tecnologia da Informa\u00e7\u00e3o (TI) \u00e9 respons\u00e1vel pela disponibiliza\u00e7\u00e3o, administra\u00e7\u00e3o e manuten\u00e7\u00e3o dos recursos tecnol\u00f3gicos do Col\u00e9gio M\u00e3e de Deus. Contamos: 01 Laborat\u00f3rio com um total de 26 computadores com acesso \u00e0 Internet 02 Servidores de Rede para controle e gerenciamento de usu\u00e1rios e acessos 02 Links de Internet fibra \u00f3ptica redundante Rede&#8230;<\/p>\n","protected":false},"author":74,"featured_media":0,"parent":0,"menu_order":0,"comment_status":"closed","ping_status":"closed","template":"","meta":{"_acf_changed":false,"_monsterinsights_skip_tracking":false,"_monsterinsights_sitenote_active":false,"_monsterinsights_sitenote_note":"","_monsterinsights_sitenote_category":0,"footnotes":""},"class_list":["post-39122","page","type-page","status-publish","hentry"],"acf":[],"yoast_head":"<!-- This site is optimized with the Yoast SEO plugin v24.9 - https:\/\/yoast.com\/wordpress\/plugins\/seo\/ -->\n<title>Servi\u00e7os de TI - Col\u00e9gio M\u00e3e de Deus | Rede ICM de educa\u00e7\u00e3o<\/title>\n<meta name=\"robots\" content=\"index, follow, max-snippet:-1, max-image-preview:large, max-video-preview:-1\" \/>\n<link rel=\"canonical\" href=\"https:\/\/legado.redeicm.org.br\/maededeus\/ti\/\" \/>\n<meta property=\"og:locale\" content=\"pt_BR\" \/>\n<meta property=\"og:type\" content=\"article\" \/>\n<meta property=\"og:title\" content=\"Servi\u00e7os de TI - Col\u00e9gio M\u00e3e de Deus | Rede ICM de educa\u00e7\u00e3o\" \/>\n<meta property=\"og:description\" content=\"O Setor de Tecnologia da Informa\u00e7\u00e3o (TI) \u00e9 respons\u00e1vel pela disponibiliza\u00e7\u00e3o, administra\u00e7\u00e3o e manuten\u00e7\u00e3o dos recursos tecnol\u00f3gicos do Col\u00e9gio M\u00e3e de Deus. Contamos: 01 Laborat\u00f3rio com um total de 26 computadores com acesso \u00e0 Internet 02 Servidores de Rede para controle e gerenciamento de usu\u00e1rios e acessos 02 Links de Internet fibra \u00f3ptica redundante Rede...\" \/>\n<meta property=\"og:url\" content=\"https:\/\/legado.redeicm.org.br\/maededeus\/ti\/\" \/>\n<meta property=\"og:site_name\" content=\"Col\u00e9gio M\u00e3e de Deus | Rede ICM de educa\u00e7\u00e3o\" \/>\n<meta property=\"article:modified_time\" content=\"2023-06-21T15:00:09+00:00\" \/>\n<meta name=\"twitter:card\" content=\"summary_large_image\" \/>\n<meta name=\"twitter:label1\" content=\"Est. tempo de leitura\" \/>\n\t<meta name=\"twitter:data1\" content=\"1 minuto\" \/>\n<script type=\"application\/ld+json\" class=\"yoast-schema-graph\">{\"@context\":\"https:\/\/schema.org\",\"@graph\":[{\"@type\":\"WebPage\",\"@id\":\"https:\/\/legado.redeicm.org.br\/maededeus\/ti\/\",\"url\":\"https:\/\/legado.redeicm.org.br\/maededeus\/ti\/\",\"name\":\"Servi\u00e7os de TI - Col\u00e9gio M\u00e3e de Deus | Rede ICM de educa\u00e7\u00e3o\",\"isPartOf\":{\"@id\":\"https:\/\/legado.redeicm.org.br\/maededeus\/#website\"},\"datePublished\":\"2017-01-12T22:25:18+00:00\",\"dateModified\":\"2023-06-21T15:00:09+00:00\",\"breadcrumb\":{\"@id\":\"https:\/\/legado.redeicm.org.br\/maededeus\/ti\/#breadcrumb\"},\"inLanguage\":\"pt-BR\",\"potentialAction\":[{\"@type\":\"ReadAction\",\"target\":[\"https:\/\/legado.redeicm.org.br\/maededeus\/ti\/\"]}]},{\"@type\":\"BreadcrumbList\",\"@id\":\"https:\/\/legado.redeicm.org.br\/maededeus\/ti\/#breadcrumb\",\"itemListElement\":[{\"@type\":\"ListItem\",\"position\":1,\"name\":\"In\u00edcio\",\"item\":\"https:\/\/legado.redeicm.org.br\/maededeus\/\"},{\"@type\":\"ListItem\",\"position\":2,\"name\":\"Servi\u00e7os de TI\"}]},{\"@type\":\"WebSite\",\"@id\":\"https:\/\/legado.redeicm.org.br\/maededeus\/#website\",\"url\":\"https:\/\/legado.redeicm.org.br\/maededeus\/\",\"name\":\"Col\u00e9gio M\u00e3e de Deus | Rede ICM de educa\u00e7\u00e3o\",\"description\":\"\",\"potentialAction\":[{\"@type\":\"SearchAction\",\"target\":{\"@type\":\"EntryPoint\",\"urlTemplate\":\"https:\/\/legado.redeicm.org.br\/maededeus\/?s={search_term_string}\"},\"query-input\":{\"@type\":\"PropertyValueSpecification\",\"valueRequired\":true,\"valueName\":\"search_term_string\"}}],\"inLanguage\":\"pt-BR\"}]}<\/script>\n<!-- \/ Yoast SEO plugin. -->","yoast_head_json":{"title":"Servi\u00e7os de TI - Col\u00e9gio M\u00e3e de Deus | Rede ICM de educa\u00e7\u00e3o","robots":{"index":"index","follow":"follow","max-snippet":"max-snippet:-1","max-image-preview":"max-image-preview:large","max-video-preview":"max-video-preview:-1"},"canonical":"https:\/\/legado.redeicm.org.br\/maededeus\/ti\/","og_locale":"pt_BR","og_type":"article","og_title":"Servi\u00e7os de TI - Col\u00e9gio M\u00e3e de Deus | Rede ICM de educa\u00e7\u00e3o","og_description":"O Setor de Tecnologia da Informa\u00e7\u00e3o (TI) \u00e9 respons\u00e1vel pela disponibiliza\u00e7\u00e3o, administra\u00e7\u00e3o e manuten\u00e7\u00e3o dos recursos tecnol\u00f3gicos do Col\u00e9gio M\u00e3e de Deus. Contamos: 01 Laborat\u00f3rio com um total de 26 computadores com acesso \u00e0 Internet 02 Servidores de Rede para controle e gerenciamento de usu\u00e1rios e acessos 02 Links de Internet fibra \u00f3ptica redundante Rede...","og_url":"https:\/\/legado.redeicm.org.br\/maededeus\/ti\/","og_site_name":"Col\u00e9gio M\u00e3e de Deus | Rede ICM de educa\u00e7\u00e3o","article_modified_time":"2023-06-21T15:00:09+00:00","twitter_card":"summary_large_image","twitter_misc":{"Est. tempo de leitura":"1 minuto"},"schema":{"@context":"https:\/\/schema.org","@graph":[{"@type":"WebPage","@id":"https:\/\/legado.redeicm.org.br\/maededeus\/ti\/","url":"https:\/\/legado.redeicm.org.br\/maededeus\/ti\/","name":"Servi\u00e7os de TI - Col\u00e9gio M\u00e3e de Deus | Rede ICM de educa\u00e7\u00e3o","isPartOf":{"@id":"https:\/\/legado.redeicm.org.br\/maededeus\/#website"},"datePublished":"2017-01-12T22:25:18+00:00","dateModified":"2023-06-21T15:00:09+00:00","breadcrumb":{"@id":"https:\/\/legado.redeicm.org.br\/maededeus\/ti\/#breadcrumb"},"inLanguage":"pt-BR","potentialAction":[{"@type":"ReadAction","target":["https:\/\/legado.redeicm.org.br\/maededeus\/ti\/"]}]},{"@type":"BreadcrumbList","@id":"https:\/\/legado.redeicm.org.br\/maededeus\/ti\/#breadcrumb","itemListElement":[{"@type":"ListItem","position":1,"name":"In\u00edcio","item":"https:\/\/legado.redeicm.org.br\/maededeus\/"},{"@type":"ListItem","position":2,"name":"Servi\u00e7os de TI"}]},{"@type":"WebSite","@id":"https:\/\/legado.redeicm.org.br\/maededeus\/#website","url":"https:\/\/legado.redeicm.org.br\/maededeus\/","name":"Col\u00e9gio M\u00e3e de Deus | Rede ICM de educa\u00e7\u00e3o","description":"","potentialAction":[{"@type":"SearchAction","target":{"@type":"EntryPoint","urlTemplate":"https:\/\/legado.redeicm.org.br\/maededeus\/?s={search_term_string}"},"query-input":{"@type":"PropertyValueSpecification","valueRequired":true,"valueName":"search_term_string"}}],"inLanguage":"pt-BR"}]}},"_links":{"self":[{"href":"https:\/\/legado.redeicm.org.br\/maededeus\/wp-json\/wp\/v2\/pages\/39122"}],"collection":[{"href":"https:\/\/legado.redeicm.org.br\/maededeus\/wp-json\/wp\/v2\/pages"}],"about":[{"href":"https:\/\/legado.redeicm.org.br\/maededeus\/wp-json\/wp\/v2\/types\/page"}],"author":[{"embeddable":true,"href":"https:\/\/legado.redeicm.org.br\/maededeus\/wp-json\/wp\/v2\/users\/74"}],"replies":[{"embeddable":true,"href":"https:\/\/legado.redeicm.org.br\/maededeus\/wp-json\/wp\/v2\/comments?post=39122"}],"version-history":[{"count":7,"href":"https:\/\/legado.redeicm.org.br\/maededeus\/wp-json\/wp\/v2\/pages\/39122\/revisions"}],"predecessor-version":[{"id":71400,"href":"https:\/\/legado.redeicm.org.br\/maededeus\/wp-json\/wp\/v2\/pages\/39122\/revisions\/71400"}],"wp:attachment":[{"href":"https:\/\/legado.redeicm.org.br\/maededeus\/wp-json\/wp\/v2\/media?parent=39122"}],"curies":[{"name":"wp","href":"https:\/\/api.w.org\/{rel}","templated":true}]}}