{"id":39228,"date":"2017-02-23T10:13:39","date_gmt":"2017-02-23T13:13:39","guid":{"rendered":"https:\/\/redeicm.org.br\/imaculadaconceicao\/?page_id=39228"},"modified":"2017-02-23T10:13:39","modified_gmt":"2017-02-23T13:13:39","slug":"manual-da-marca","status":"publish","type":"page","link":"https:\/\/legado.redeicm.org.br\/imaculadaconceicao\/manual-da-marca\/","title":{"rendered":"Manual da Marca"},"content":{"rendered":"<p style=\"text-align: justify;\">Para aplica\u00e7\u00f5es da\u00a0<strong>ASSINATURA VISUAL DO COL\u00c9GIO IMACULADA CONCEI\u00c7\u00c3O<\/strong>, dever\u00e3o ser observados os conceitos e regras estabelecidas atrav\u00e9s do\u00a0<strong>Manual de Identidade Visual<\/strong>\u00a0do Col\u00e9gio.<\/p>\n<h4><a href=\"https:\/\/redeicm.org.br\/imaculadaconceicao\/wp-content\/uploads\/sites\/11\/2017\/02\/ICM_IDV_guia-de-reproducao_imaculadaconceicao.pdf\"><img loading=\"lazy\" decoding=\"async\" class=\"alignnone  wp-image-39229\" src=\"https:\/\/redeicm.org.br\/imaculadaconceicao\/wp-content\/uploads\/sites\/11\/2017\/02\/unnamed-150x150.png\" alt=\"\" width=\"44\" height=\"44\" \/>Manual de Identidade Visual do Col\u00e9gio Imaculada Concei\u00e7\u00e3o<\/a><\/h4>\n<div class=\"angwp_40786 _ning_cont _ning_hidden _ning_outer _align_center responsive\" data-size=\"300x250\" data-bid=\"40786\" data-aid=\"0\" style=\"max-width:300px; width:100%;height:inherit;\"><div class=\"_ning_label _left\" style=\"\"><\/div><div class=\"_ning_inner\" style=\"\"><\/div><\/div><div class=\"clear\"><\/div>","protected":false},"excerpt":{"rendered":"<p>Para aplica\u00e7\u00f5es da\u00a0ASSINATURA VISUAL DO COL\u00c9GIO IMACULADA CONCEI\u00c7\u00c3O, dever\u00e3o ser observados os conceitos e regras estabelecidas atrav\u00e9s do\u00a0Manual de Identidade Visual\u00a0do Col\u00e9gio. Manual de Identidade Visual do Col\u00e9gio Imaculada Concei\u00e7\u00e3o<\/p>\n","protected":false},"author":1,"featured_media":0,"parent":0,"menu_order":0,"comment_status":"closed","ping_status":"closed","template":"","meta":{"_acf_changed":false,"_monsterinsights_skip_tracking":false,"_monsterinsights_sitenote_active":false,"_monsterinsights_sitenote_note":"","_monsterinsights_sitenote_category":0,"footnotes":""},"class_list":["post-39228","page","type-page","status-publish","hentry"],"acf":[],"_links":{"self":[{"href":"https:\/\/legado.redeicm.org.br\/imaculadaconceicao\/wp-json\/wp\/v2\/pages\/39228"}],"collection":[{"href":"https:\/\/legado.redeicm.org.br\/imaculadaconceicao\/wp-json\/wp\/v2\/pages"}],"about":[{"href":"https:\/\/legado.redeicm.org.br\/imaculadaconceicao\/wp-json\/wp\/v2\/types\/page"}],"author":[{"embeddable":true,"href":"https:\/\/legado.redeicm.org.br\/imaculadaconceicao\/wp-json\/wp\/v2\/users\/1"}],"replies":[{"embeddable":true,"href":"https:\/\/legado.redeicm.org.br\/imaculadaconceicao\/wp-json\/wp\/v2\/comments?post=39228"}],"version-history":[{"count":1,"href":"https:\/\/legado.redeicm.org.br\/imaculadaconceicao\/wp-json\/wp\/v2\/pages\/39228\/revisions"}],"predecessor-version":[{"id":39231,"href":"https:\/\/legado.redeicm.org.br\/imaculadaconceicao\/wp-json\/wp\/v2\/pages\/39228\/revisions\/39231"}],"wp:attachment":[{"href":"https:\/\/legado.redeicm.org.br\/imaculadaconceicao\/wp-json\/wp\/v2\/media?parent=39228"}],"curies":[{"name":"wp","href":"https:\/\/api.w.org\/{rel}","templated":true}]}}