{"id":39153,"date":"2017-01-12T23:10:44","date_gmt":"2017-01-13T01:10:44","guid":{"rendered":"https:\/\/redeicm.org.br\/maededeus\/?page_id=39153"},"modified":"2025-02-19T14:39:53","modified_gmt":"2025-02-19T17:39:53","slug":"historico","status":"publish","type":"page","link":"https:\/\/legado.redeicm.org.br\/casadacrianca\/historico\/","title":{"rendered":"Sobre a Unidade Socioassistencial"},"content":{"rendered":"<p style=\"text-align: justify\"><strong><span style=\"font-family: 'Arial','sans-serif'\">Casa da Crian\u00e7a Sagrado Cora\u00e7\u00e3o de Jesus<\/span><\/strong><\/p>\n<p style=\"text-align: justify\"><span style=\"font-family: 'Arial','sans-serif'\">Fundada em 1944, a <strong>Casa da Crian\u00e7a Sagrado Cora\u00e7\u00e3o de Jesus<\/strong> \u00e9 uma Unidade Socioassistencial que se tornou refer\u00eancia no cuidado e prote\u00e7\u00e3o de crian\u00e7as e adolescentes em situa\u00e7\u00e3o de vulnerabilidade. Ao longo de 81 anos de hist\u00f3ria, nossa miss\u00e3o sempre foi promover a vida, o bem-estar e o desenvolvimento de crian\u00e7as e adolescentes, garantindo um futuro mais digno e cheio de possibilidades.\u00a0<\/span><\/p>\n<p style=\"text-align: justify\"><span style=\"font-family: 'Arial','sans-serif'\">Situada na rua Conde de Porto Alegre, 845 em Cachoeira do Sul\/RS, \u00e9 mantida pela Sociedade Educa\u00e7\u00e3o e Caridade \u2013 SEC, atualmente denominada Rede ICM de Educa\u00e7\u00e3o e Assist\u00eancia Social &#8211; com Sede Geral em Porto Alegre.<\/span><\/p>\n<p><strong><span style=\"font-family: 'Arial','sans-serif'\">Nossa Hist\u00f3ria e Evolu\u00e7\u00e3o<\/span><\/strong><\/p>\n<p style=\"text-align: justify\"><span style=\"font-family: 'Arial','sans-serif'\">Esta Obra teve sua origem hist\u00f3rica na iniciativa de um grupo de Senhoras da A\u00e7\u00e3o Cat\u00f3lica de Cachoeira do Sul, que em junho de 1944, decidiram abrir uma Casa para acolhida de crian\u00e7as desamparadas.<\/span><\/p>\n<p style=\"text-align: justify\"><span style=\"font-family: 'Arial','sans-serif'\">Em 1950, a diretoria da mesma solicitou a Congrega\u00e7\u00e3o das Irm\u00e3s do Imaculado Cora\u00e7\u00e3o de Maria, a assumir esta Obra. Desde ent\u00e3o, as Irm\u00e3s se empenharam a organizar o ensino interno com Educa\u00e7\u00e3o infantil e, gradativamente, foi organizado o ensino fundamental, s\u00e9ries iniciais e, devidamente, a Escola foi reconhecida pelos \u00f3rg\u00e3os p\u00fablicos competentes, atendendo como Escola no turno da manh\u00e3 e como Obra Social o (semi-internato), no turno da tarde, at\u00e9 2010. Ao longo destes anos e na atualidade, a Mantenedora sempre se manteve fiel e atenta aos objetivos fundacionais e aos princ\u00edpios humanos e crist\u00e3os, adequando sua miss\u00e3o nos par\u00e2metros legais, conforme as necessidades e possibilidades, em cada \u00e9poca.<\/span><\/p>\n<p style=\"text-align: justify\"><span style=\"font-family: 'Arial','sans-serif'\">Em virtude da Lei n\u00ba12.101\/de 27.11.2009, na impossibilidade de manter as duas atividades: Educa\u00e7\u00e3o e Obra Social na Casa da Crian\u00e7a, a Mantenedora (SEC-Irm\u00e3s do Imaculado Cora\u00e7\u00e3o de Maria) fez um estudo da realidade local e constatou que, Cachoeira do Sul conta com uma ampla rede de Escolas p\u00fablicas e tamb\u00e9m Escolas particulares, mas carece de Institui\u00e7\u00f5es Socioassistenciais. Assim optou por assumir dentro da \u00e1rea da Assist\u00eancia Social, Prote\u00e7\u00e3o B\u00e1sica, o Servi\u00e7o de Conviv\u00eancia e Fortalecimento de V\u00ednculos.<\/span><\/p>\n<p><strong>Servi\u00e7o de Conviv\u00eancia e Fortalecimento de V\u00ednculos (SCFV)<\/strong><\/p>\n<p>Atualmente, a Casa da Crian\u00e7a desenvolve o <strong>Servi\u00e7o de Conviv\u00eancia e Fortalecimento de V\u00ednculos<\/strong> (SCFV) para crian\u00e7as e adolescentes de 6 a 15 anos, em situa\u00e7\u00e3o de vulnerabilidade e risco social e pessoal. Este servi\u00e7o tem como objetivo fortalecer as rela\u00e7\u00f5es familiares e comunit\u00e1rias, al\u00e9m de promover a integra\u00e7\u00e3o e a troca de experi\u00eancias entre os participantes.<\/p>\n<p style=\"text-align: justify\"><strong><span style=\"font-family: 'Arial','sans-serif'\">Exclusividade em Cachoeira do Sul<\/span><\/strong><\/p>\n<p style=\"text-align: justify\"><span style=\"font-family: 'Arial','sans-serif'\">Em <strong>Cachoeira do Sul<\/strong>, a Casa da Crian\u00e7a \u00e9 a <strong>\u00fanica Unidade que oferece o SCFV de segunda a sexta-feira<\/strong> (turno inverso ao da escola), sem interrup\u00e7\u00e3o durante as f\u00e9rias escolares. <\/span><\/p>\n<p style=\"text-align: justify\"><span style=\"font-family: 'Arial','sans-serif'\">O atendimento \u00e9 gratuito para as fam\u00edlias e \u00e9 servido lanche e almo\u00e7o a todos os usu\u00e1rios da Institui\u00e7\u00e3o.<\/span><\/p>\n<p style=\"text-align: justify\"><span style=\"font-family: 'Arial','sans-serif'\">Al\u00e9m das refei\u00e7\u00f5es, a Unidade oferece espa\u00e7o favor\u00e1vel \u00e0 conviv\u00eancia, com \u00e1reas de lazer e recrea\u00e7\u00e3o. Oferece diversas oficinas, algumas de acordo com a idade e outras em que todos participam. Elencamos: inclus\u00e3o digital, forma\u00e7\u00e3o esportiva, dan\u00e7a, bal\u00e9, percuss\u00e3o, canto, teatro, customiza\u00e7\u00e3o, artesanato, gastronomia, oficina da cidadania, e orienta\u00e7\u00f5es formativas para a vida e a boa conviv\u00eancia cultivando valores.<\/span><\/p>\n<p style=\"text-align: justify\"><span style=\"font-family: 'Arial','sans-serif'\">Atualmente a Unidade atende 160 crian\u00e7as e adolescentes, e conta com 20 colaboradores e 04 Irm\u00e3s.\u00a0<\/span><\/p>\n<p style=\"text-align: justify\"><span style=\"font-family: 'Arial','sans-serif'\">A Casa da Crian\u00e7a Sagrado Cora\u00e7\u00e3o de Jesus segue firme em seu prop\u00f3sito, oferecendo cuidado, educa\u00e7\u00e3o e acolhimento, e construindo um futuro melhor para todos.<\/span><\/p>\n","protected":false},"excerpt":{"rendered":"<p>Casa da Crian\u00e7a Sagrado Cora\u00e7\u00e3o de Jesus Fundada em 1944, a Casa da Crian\u00e7a Sagrado Cora\u00e7\u00e3o de Jesus \u00e9 uma Unidade Socioassistencial que se tornou refer\u00eancia no cuidado e prote\u00e7\u00e3o de crian\u00e7as e adolescentes em situa\u00e7\u00e3o de vulnerabilidade. Ao longo de 81 anos de hist\u00f3ria, nossa miss\u00e3o sempre foi promover a vida, o bem-estar e&#8230;<\/p>\n","protected":false},"author":146,"featured_media":0,"parent":0,"menu_order":0,"comment_status":"closed","ping_status":"closed","template":"","meta":{"_acf_changed":false,"_monsterinsights_skip_tracking":false,"_monsterinsights_sitenote_active":false,"_monsterinsights_sitenote_note":"","_monsterinsights_sitenote_category":0,"footnotes":""},"class_list":["post-39153","page","type-page","status-publish","hentry"],"acf":[],"_links":{"self":[{"href":"https:\/\/legado.redeicm.org.br\/casadacrianca\/wp-json\/wp\/v2\/pages\/39153"}],"collection":[{"href":"https:\/\/legado.redeicm.org.br\/casadacrianca\/wp-json\/wp\/v2\/pages"}],"about":[{"href":"https:\/\/legado.redeicm.org.br\/casadacrianca\/wp-json\/wp\/v2\/types\/page"}],"author":[{"embeddable":true,"href":"https:\/\/legado.redeicm.org.br\/casadacrianca\/wp-json\/wp\/v2\/users\/146"}],"replies":[{"embeddable":true,"href":"https:\/\/legado.redeicm.org.br\/casadacrianca\/wp-json\/wp\/v2\/comments?post=39153"}],"version-history":[{"count":3,"href":"https:\/\/legado.redeicm.org.br\/casadacrianca\/wp-json\/wp\/v2\/pages\/39153\/revisions"}],"predecessor-version":[{"id":39539,"href":"https:\/\/legado.redeicm.org.br\/casadacrianca\/wp-json\/wp\/v2\/pages\/39153\/revisions\/39539"}],"wp:attachment":[{"href":"https:\/\/legado.redeicm.org.br\/casadacrianca\/wp-json\/wp\/v2\/media?parent=39153"}],"curies":[{"name":"wp","href":"https:\/\/api.w.org\/{rel}","templated":true}]}}