{"id":39108,"date":"2017-01-12T20:14:27","date_gmt":"2017-01-12T22:14:27","guid":{"rendered":"https:\/\/redeicm.org.br\/maededeus\/?page_id=39108"},"modified":"2023-11-16T16:37:57","modified_gmt":"2023-11-16T19:37:57","slug":"secretaria","status":"publish","type":"page","link":"https:\/\/legado.redeicm.org.br\/carmo\/secretaria\/","title":{"rendered":"Secretaria"},"content":{"rendered":"<section class=\"wpb-content-wrapper\"><section class=\"l-section wpb_row height_medium\"><div class=\"l-section-h i-cf\"><div class=\"g-cols vc_row via_grid cols_1 laptops-cols_inherit tablets-cols_inherit mobiles-cols_1 valign_top type_default stacking_default\"><div class=\"wpb_column vc_column_container\"><div class=\"vc_column-inner\"><div class=\"wpb_text_column\"><div class=\"wpb_wrapper\"><div class=\"l-main\">\n<div class=\"l-main-h i-cf\">\n<div class=\"l-content\">\n<section class=\"l-section\">\n<div class=\"l-section-h i-cf\">\n<p><strong>Hor\u00e1rio de funcionamento da Secretaria:<\/strong><\/p>\n<p>Manh\u00e3: 08 \u00e0s 12h<\/p>\n<p>Tarde: 13 \u00e0s 17h<\/p>\n<\/div>\n<\/section>\n<p>\u00a0<\/p>\n<\/div>\n<\/div>\n<\/div>\n<\/div><\/div><\/div><\/div><\/div><\/div><\/section>\n<div class=\"angwp_40106 _ning_cont _ning_hidden _ning_outer _align_center responsive\" data-size=\"300x250\" data-bid=\"40106\" data-aid=\"0\" style=\"max-width:300px; width:100%;height:inherit;\"><div class=\"_ning_label _left\" style=\"\"><\/div><div class=\"_ning_inner\" style=\"\"><\/div><\/div><div class=\"clear\"><\/div><\/section>","protected":false},"excerpt":{"rendered":"Hor\u00e1rio de funcionamento da Secretaria: Manh\u00e3: 08 \u00e0s 12h Tarde: 13 \u00e0s 17h \u00a0","protected":false},"author":153,"featured_media":0,"parent":0,"menu_order":0,"comment_status":"closed","ping_status":"closed","template":"","meta":{"_acf_changed":false,"_monsterinsights_skip_tracking":false,"_monsterinsights_sitenote_active":false,"_monsterinsights_sitenote_note":"","_monsterinsights_sitenote_category":0,"footnotes":""},"class_list":["post-39108","page","type-page","status-publish","hentry"],"acf":[],"_links":{"self":[{"href":"https:\/\/legado.redeicm.org.br\/carmo\/wp-json\/wp\/v2\/pages\/39108"}],"collection":[{"href":"https:\/\/legado.redeicm.org.br\/carmo\/wp-json\/wp\/v2\/pages"}],"about":[{"href":"https:\/\/legado.redeicm.org.br\/carmo\/wp-json\/wp\/v2\/types\/page"}],"author":[{"embeddable":true,"href":"https:\/\/legado.redeicm.org.br\/carmo\/wp-json\/wp\/v2\/users\/153"}],"replies":[{"embeddable":true,"href":"https:\/\/legado.redeicm.org.br\/carmo\/wp-json\/wp\/v2\/comments?post=39108"}],"version-history":[{"count":8,"href":"https:\/\/legado.redeicm.org.br\/carmo\/wp-json\/wp\/v2\/pages\/39108\/revisions"}],"predecessor-version":[{"id":46141,"href":"https:\/\/legado.redeicm.org.br\/carmo\/wp-json\/wp\/v2\/pages\/39108\/revisions\/46141"}],"wp:attachment":[{"href":"https:\/\/legado.redeicm.org.br\/carmo\/wp-json\/wp\/v2\/media?parent=39108"}],"curies":[{"name":"wp","href":"https:\/\/api.w.org\/{rel}","templated":true}]}}