{"id":39105,"date":"2017-01-12T20:07:10","date_gmt":"2017-01-12T22:07:10","guid":{"rendered":"https:\/\/redeicm.org.br\/maededeus\/?page_id=39105"},"modified":"2023-11-16T16:37:03","modified_gmt":"2023-11-16T19:37:03","slug":"soe","status":"publish","type":"page","link":"https:\/\/legado.redeicm.org.br\/carmo\/soe\/","title":{"rendered":"Servi\u00e7o de Orienta\u00e7\u00e3o Educacional &#8211; SOE"},"content":{"rendered":"<section class=\"wpb-content-wrapper\"><section class=\"l-section wpb_row height_medium\"><div class=\"l-section-h i-cf\"><div class=\"g-cols vc_row via_grid cols_1 laptops-cols_inherit tablets-cols_inherit mobiles-cols_1 valign_top type_default stacking_default\"><div class=\"wpb_column vc_column_container\"><div class=\"vc_column-inner\"><div class=\"wpb_text_column\"><div class=\"wpb_wrapper\"><div class=\"l-main\">\n<div class=\"l-main-h i-cf\">\n<div class=\"l-content\">\n<section class=\"l-section\">\n<div class=\"l-section-h i-cf\">\n<p style=\"text-align: justify\"><strong>Educa\u00e7\u00e3o Infantil ao 9\u00ba ano do Ensino Fundamental<\/strong><\/p>\n<p style=\"text-align: justify\">O Servi\u00e7o de Orienta\u00e7\u00e3o Educacional visa assessorar e integrar toda Comunidade Escolar, de forma preventiva e educativa, contribuindo no desenvolvimento integral de seus membros.<\/p>\n<p style=\"text-align: justify\"><strong>O Servi\u00e7o de Orienta\u00e7\u00e3o Educacional tem por atribui\u00e7\u00f5es:<\/strong><\/p>\n<p style=\"text-align: justify\"><strong>a)<\/strong>\u00a0Favorecer as rela\u00e7\u00f5es humanas, baseadas no auto-conhecimento, crescimento pessoal e a integra\u00e7\u00e3o social de todas as pessoas envolvidas no processo educacional;<br \/><strong>b)<\/strong>\u00a0Promover o desenvolvimento dos alunos, tendo em vista sua realiza\u00e7\u00e3o individual e social;<br \/><strong>c)<\/strong>\u00a0Propiciar aos alunos orienta\u00e7\u00e3o individual ou grupal, para que desenvolvam maior entendimento sobre suas dificuldades e a busca de solu\u00e7\u00f5es;<br \/><strong>d)<\/strong>\u00a0Promover a tomada de consci\u00eancia do papel dos educadores, valorizando as caracter\u00edsticas necess\u00e1rias para atuar na educa\u00e7\u00e3o libertadora;<br \/><strong>e)<\/strong>\u00a0Oportunizar e aprofundar o conhecimento para o desenvolvimento emocional e cognitivo, a fim de efetuar a proposta pedag\u00f3gica;<br \/><strong>f)\u00a0<\/strong>Atender os pais dos alunos que apresentam dificuldades, para que colaborem na solu\u00e7\u00e3o dos problemas, acompanhem e incentivem o desempenho escolar do filho;<br \/><strong>g)<\/strong>\u00a0Realizar o encaminhamento dos alunos, quando necess\u00e1rio, para institui\u00e7\u00f5es especializadas.<\/p>\n<\/div>\n<\/section>\n<p>\u00a0<\/p>\n<\/div>\n<\/div>\n<\/div>\n<\/div><\/div><\/div><\/div><\/div><\/div><\/section>\n<div class=\"angwp_40106 _ning_cont _ning_hidden _ning_outer _align_center responsive\" data-size=\"300x250\" data-bid=\"40106\" data-aid=\"0\" style=\"max-width:300px; width:100%;height:inherit;\"><div class=\"_ning_label _left\" style=\"\"><\/div><div class=\"_ning_inner\" style=\"\"><\/div><\/div><div class=\"clear\"><\/div><\/section>","protected":false},"excerpt":{"rendered":"Educa\u00e7\u00e3o Infantil ao 9\u00ba ano do Ensino Fundamental O Servi\u00e7o de Orienta\u00e7\u00e3o Educacional visa assessorar e integrar toda Comunidade Escolar, de forma preventiva e educativa, contribuindo no desenvolvimento integral de seus membros. O Servi\u00e7o de Orienta\u00e7\u00e3o Educacional tem por atribui\u00e7\u00f5es: a)\u00a0Favorecer as rela\u00e7\u00f5es humanas, baseadas no auto-conhecimento, crescimento pessoal e a integra\u00e7\u00e3o social de todas...","protected":false},"author":153,"featured_media":0,"parent":0,"menu_order":0,"comment_status":"closed","ping_status":"closed","template":"","meta":{"_acf_changed":false,"_monsterinsights_skip_tracking":false,"_monsterinsights_sitenote_active":false,"_monsterinsights_sitenote_note":"","_monsterinsights_sitenote_category":0,"footnotes":""},"class_list":["post-39105","page","type-page","status-publish","hentry"],"acf":[],"_links":{"self":[{"href":"https:\/\/legado.redeicm.org.br\/carmo\/wp-json\/wp\/v2\/pages\/39105"}],"collection":[{"href":"https:\/\/legado.redeicm.org.br\/carmo\/wp-json\/wp\/v2\/pages"}],"about":[{"href":"https:\/\/legado.redeicm.org.br\/carmo\/wp-json\/wp\/v2\/types\/page"}],"author":[{"embeddable":true,"href":"https:\/\/legado.redeicm.org.br\/carmo\/wp-json\/wp\/v2\/users\/153"}],"replies":[{"embeddable":true,"href":"https:\/\/legado.redeicm.org.br\/carmo\/wp-json\/wp\/v2\/comments?post=39105"}],"version-history":[{"count":4,"href":"https:\/\/legado.redeicm.org.br\/carmo\/wp-json\/wp\/v2\/pages\/39105\/revisions"}],"predecessor-version":[{"id":46140,"href":"https:\/\/legado.redeicm.org.br\/carmo\/wp-json\/wp\/v2\/pages\/39105\/revisions\/46140"}],"wp:attachment":[{"href":"https:\/\/legado.redeicm.org.br\/carmo\/wp-json\/wp\/v2\/media?parent=39105"}],"curies":[{"name":"wp","href":"https:\/\/api.w.org\/{rel}","templated":true}]}}