{"id":39211,"date":"2017-02-24T09:08:47","date_gmt":"2017-02-24T12:08:47","guid":{"rendered":"https:\/\/redeicm.org.br\/aparecida\/?page_id=39211"},"modified":"2023-12-18T07:46:55","modified_gmt":"2023-12-18T10:46:55","slug":"proposta-educacional","status":"publish","type":"page","link":"https:\/\/legado.redeicm.org.br\/aparecida\/proposta-educacional\/","title":{"rendered":"Proposta Educacional"},"content":{"rendered":"<h2 style=\"display:none\">Sobre a proposta educacional<\/h2>\n<p style=\"text-align: justify;\">A Escola Nossa Senhora Aparecida, oferece\u00a0 uma educa\u00e7\u00e3o que incentiva e desenvolve os valores, a apropria\u00e7\u00e3o das compet\u00eancias e habilidades necess\u00e1rias para a participa\u00e7\u00e3o ativa, cr\u00edtica e \u00e9tica, favorecendo a constru\u00e7\u00e3o do conhecimento a servi\u00e7o do bem comum.<\/p>\n<p style=\"text-align: justify;\">Assegura educa\u00e7\u00e3o de qualidade e inclusiva a todos os alunos.<\/p>\n<p style=\"text-align: justify;\"><strong>Educa\u00e7\u00e3o Infantil<\/strong> \u2013 tem como finalidade o desenvolvimento integral da crian\u00e7a de at\u00e9 06 (seis) anos de idade, completando a a\u00e7\u00e3o da fam\u00edlia e da comunidade. Propicia a aquisi\u00e7\u00e3o do conhecimento, respeitando a especificidade da inf\u00e2ncia nos aspectos f\u00edsicos, psicol\u00f3gicos, intelectuais, sociais e cognitivos.<\/p>\n<p style=\"text-align: justify;\"><strong>Ensino Fundamental I: <\/strong>tem por objetivo a forma\u00e7\u00e3o b\u00e1sica do cidad\u00e3o mediante o desenvolvimento da capacidade de aprender, proporcionando o pleno dom\u00ednio da leitura, da escrita e do c\u00e1lculo.<\/p>\n<div class=\"angwp_39908 _ning_cont _ning_hidden _ning_outer _align_center responsive\" data-size=\"300x250\" data-bid=\"39908\" data-aid=\"0\" style=\"max-width:300px; width:100%;height:inherit;\"><div class=\"_ning_label _left\" style=\"\"><\/div><div class=\"_ning_inner\" style=\"\"><\/div><\/div><div class=\"clear\"><\/div>","protected":false},"excerpt":{"rendered":"<p>Sobre a proposta educacional A Escola Nossa Senhora Aparecida, oferece\u00a0 uma educa\u00e7\u00e3o que incentiva e desenvolve os valores, a apropria\u00e7\u00e3o das compet\u00eancias e habilidades necess\u00e1rias para a participa\u00e7\u00e3o ativa, cr\u00edtica e \u00e9tica, favorecendo a constru\u00e7\u00e3o do conhecimento a servi\u00e7o do bem comum. Assegura educa\u00e7\u00e3o de qualidade e inclusiva a todos os alunos. Educa\u00e7\u00e3o Infantil \u2013&#8230;<\/p>\n","protected":false},"author":122,"featured_media":0,"parent":0,"menu_order":0,"comment_status":"closed","ping_status":"closed","template":"","meta":{"_acf_changed":false,"_monsterinsights_skip_tracking":false,"_monsterinsights_sitenote_active":false,"_monsterinsights_sitenote_note":"","_monsterinsights_sitenote_category":0,"footnotes":""},"class_list":["post-39211","page","type-page","status-publish","hentry"],"acf":[],"_links":{"self":[{"href":"https:\/\/legado.redeicm.org.br\/aparecida\/wp-json\/wp\/v2\/pages\/39211"}],"collection":[{"href":"https:\/\/legado.redeicm.org.br\/aparecida\/wp-json\/wp\/v2\/pages"}],"about":[{"href":"https:\/\/legado.redeicm.org.br\/aparecida\/wp-json\/wp\/v2\/types\/page"}],"author":[{"embeddable":true,"href":"https:\/\/legado.redeicm.org.br\/aparecida\/wp-json\/wp\/v2\/users\/122"}],"replies":[{"embeddable":true,"href":"https:\/\/legado.redeicm.org.br\/aparecida\/wp-json\/wp\/v2\/comments?post=39211"}],"version-history":[{"count":0,"href":"https:\/\/legado.redeicm.org.br\/aparecida\/wp-json\/wp\/v2\/pages\/39211\/revisions"}],"wp:attachment":[{"href":"https:\/\/legado.redeicm.org.br\/aparecida\/wp-json\/wp\/v2\/media?parent=39211"}],"curies":[{"name":"wp","href":"https:\/\/api.w.org\/{rel}","templated":true}]}}